{"id":308,"date":"2017-04-04T14:57:47","date_gmt":"2017-04-04T12:57:47","guid":{"rendered":"http:\/\/nouvobois-materiaux.toutfaire.fr\/?page_id=308"},"modified":"2017-10-12T20:20:17","modified_gmt":"2017-10-12T18:20:17","slug":"carrelage","status":"publish","type":"page","link":"http:\/\/nouvobois-materiaux.toutfaire.fr\/?page_id=308","title":{"rendered":"Carrelage"},"content":{"rendered":"<h3>Carrelage<\/h3>\n<p>Vous trouverez ici une s\u00e9lection de carrelages contemporains, traditionnels et classiques, choisis pour leur qualit\u00e9, leur durabilit\u00e9 et leur esth\u00e9tique. Mais \u00e9galement les consommables et outils pour que votre pose de carrelage ou mosa\u00efque se fasse dans les meilleures conditions.<\/p>\n<p>Motifs graphiques, couleurs vives, imitation mat\u00e9riaux, frises \u00e9l\u00e9gantes&#8230; le carrelage s&rsquo;adapte \u00e0 vos go\u00fbts et \u00e0 vos envies. Nos carrelages peuvent \u00eatre disponible dans diff\u00e9rent colories et formats.<\/p>\n<p>Variez les types de pose pour votre carrelage int\u00e9rieur et carrelage ext\u00e9rieur : align\u00e9e, en diagonale, mosa\u00efque, suivant votre envie et pour donner un effet visuel qui agrandit la pi\u00e8ce et gomme les imperfections. Nous proposons aussi des produit de carrelages de salle de bain sol et fa\u00efence.<\/p>\n<p>Nos carrelages sont n\u00e9goci\u00e9s en permanence gr\u00e2ce \u00e0 la puissance d&rsquo;achat de notre centrale pour vous offrir les meilleurs produits au meilleur prix.<\/p>\n<p>&nbsp;<\/p>\n<figure id=\"attachment_219\" aria-describedby=\"caption-attachment-219\" style=\"width: 329px\" class=\"wp-caption aligncenter\"><a href=\"http:\/\/nouvobois-materiaux.toutfaire.fr\/collection-carrelage\/\"><img loading=\"lazy\" decoding=\"async\" class=\" wp-image-219\" src=\"http:\/\/nouvobois-materiaux.toutfaire.fr\/wp-content\/uploads\/2017\/03\/catalogue-carrelage-212x300.png\" alt=\"\" width=\"329\" height=\"466\" srcset=\"http:\/\/nouvobois-materiaux.toutfaire.fr\/wp-content\/uploads\/2017\/03\/catalogue-carrelage-212x300.png 212w, http:\/\/nouvobois-materiaux.toutfaire.fr\/wp-content\/uploads\/2017\/03\/catalogue-carrelage.png 605w\" sizes=\"(max-width: 329px) 100vw, 329px\" \/><\/a><figcaption id=\"caption-attachment-219\" class=\"wp-caption-text\">\u00a0\u00a0\u00a0\u00a0\u00a0\u00a0 Consulter le Catalogue Collection Carrelage<\/figcaption><\/figure>\n<p>&nbsp;<\/p>\n","protected":false},"excerpt":{"rendered":"<p>Carrelage Vous trouverez ici une s\u00e9lection de carrelages contemporains, traditionnels et classiques, choisis pour leur qualit\u00e9, leur durabilit\u00e9 et leur esth\u00e9tique. Mais \u00e9galement les consommables et outils pour que votre pose de carrelage ou mosa\u00efque se fasse dans les meilleures conditions. Motifs graphiques, couleurs vives, imitation mat\u00e9riaux, frises \u00e9l\u00e9gantes&#8230; le carrelage s&rsquo;adapte \u00e0 vos go\u00fbts [&hellip;]<\/p>\n","protected":false},"author":1,"featured_media":0,"parent":0,"menu_order":0,"comment_status":"closed","ping_status":"closed","template":"","meta":{"footnotes":""},"class_list":["post-308","page","type-page","status-publish","hentry"],"yoast_head":"<!-- This site is optimized with the Yoast SEO plugin v23.3 - https:\/\/yoast.com\/wordpress\/plugins\/seo\/ -->\n<title>Carrelage - NOUVOBOIS MAT\u00c9RIAUX<\/title>\n<meta name=\"robots\" content=\"index, follow, max-snippet:-1, max-image-preview:large, max-video-preview:-1\" \/>\n<link rel=\"canonical\" href=\"http:\/\/nouvobois-materiaux.toutfaire.fr\/?page_id=308\" \/>\n<meta property=\"og:locale\" content=\"fr_FR\" \/>\n<meta property=\"og:type\" content=\"article\" \/>\n<meta property=\"og:title\" content=\"Carrelage - NOUVOBOIS MAT\u00c9RIAUX\" \/>\n<meta property=\"og:description\" content=\"Carrelage Vous trouverez ici une s\u00e9lection de carrelages contemporains, traditionnels et classiques, choisis pour leur qualit\u00e9, leur durabilit\u00e9 et leur esth\u00e9tique. Mais \u00e9galement les consommables et outils pour que votre pose de carrelage ou mosa\u00efque se fasse dans les meilleures conditions. Motifs graphiques, couleurs vives, imitation mat\u00e9riaux, frises \u00e9l\u00e9gantes&#8230; le carrelage s&rsquo;adapte \u00e0 vos go\u00fbts [&hellip;]\" \/>\n<meta property=\"og:url\" content=\"http:\/\/nouvobois-materiaux.toutfaire.fr\/?page_id=308\" \/>\n<meta property=\"og:site_name\" content=\"NOUVOBOIS MAT\u00c9RIAUX\" \/>\n<meta property=\"article:modified_time\" content=\"2017-10-12T18:20:17+00:00\" \/>\n<meta property=\"og:image\" content=\"http:\/\/nouvobois-materiaux.toutfaire.fr\/wp-content\/uploads\/2017\/03\/catalogue-carrelage-212x300.png\" \/>\n<meta name=\"twitter:card\" content=\"summary_large_image\" \/>\n<meta name=\"twitter:label1\" content=\"Dur\u00e9e de lecture estim\u00e9e\" \/>\n\t<meta name=\"twitter:data1\" content=\"1 minute\" \/>\n<script type=\"application\/ld+json\" class=\"yoast-schema-graph\">{\"@context\":\"https:\/\/schema.org\",\"@graph\":[{\"@type\":\"WebPage\",\"@id\":\"http:\/\/nouvobois-materiaux.toutfaire.fr\/?page_id=308\",\"url\":\"http:\/\/nouvobois-materiaux.toutfaire.fr\/?page_id=308\",\"name\":\"Carrelage - NOUVOBOIS MAT\u00c9RIAUX\",\"isPartOf\":{\"@id\":\"http:\/\/nouvobois-materiaux.toutfaire.fr\/#website\"},\"primaryImageOfPage\":{\"@id\":\"http:\/\/nouvobois-materiaux.toutfaire.fr\/?page_id=308#primaryimage\"},\"image\":{\"@id\":\"http:\/\/nouvobois-materiaux.toutfaire.fr\/?page_id=308#primaryimage\"},\"thumbnailUrl\":\"http:\/\/nouvobois-materiaux.toutfaire.fr\/wp-content\/uploads\/2017\/03\/catalogue-carrelage-212x300.png\",\"datePublished\":\"2017-04-04T12:57:47+00:00\",\"dateModified\":\"2017-10-12T18:20:17+00:00\",\"breadcrumb\":{\"@id\":\"http:\/\/nouvobois-materiaux.toutfaire.fr\/?page_id=308#breadcrumb\"},\"inLanguage\":\"fr-FR\",\"potentialAction\":[{\"@type\":\"ReadAction\",\"target\":[\"http:\/\/nouvobois-materiaux.toutfaire.fr\/?page_id=308\"]}]},{\"@type\":\"ImageObject\",\"inLanguage\":\"fr-FR\",\"@id\":\"http:\/\/nouvobois-materiaux.toutfaire.fr\/?page_id=308#primaryimage\",\"url\":\"http:\/\/nouvobois-materiaux.toutfaire.fr\/wp-content\/uploads\/2017\/03\/catalogue-carrelage.png\",\"contentUrl\":\"http:\/\/nouvobois-materiaux.toutfaire.fr\/wp-content\/uploads\/2017\/03\/catalogue-carrelage.png\",\"width\":605,\"height\":856,\"caption\":\"Consulter le Catalogue Collection Carrelage\"},{\"@type\":\"BreadcrumbList\",\"@id\":\"http:\/\/nouvobois-materiaux.toutfaire.fr\/?page_id=308#breadcrumb\",\"itemListElement\":[{\"@type\":\"ListItem\",\"position\":1,\"name\":\"Accueil\",\"item\":\"http:\/\/nouvobois-materiaux.toutfaire.fr\/\"},{\"@type\":\"ListItem\",\"position\":2,\"name\":\"Carrelage\"}]},{\"@type\":\"WebSite\",\"@id\":\"http:\/\/nouvobois-materiaux.toutfaire.fr\/#website\",\"url\":\"http:\/\/nouvobois-materiaux.toutfaire.fr\/\",\"name\":\"NOUVOBOIS MAT\u00c9RIAUX\",\"description\":\"Gagnez en savoir-faire\",\"publisher\":{\"@id\":\"http:\/\/nouvobois-materiaux.toutfaire.fr\/#organization\"},\"potentialAction\":[{\"@type\":\"SearchAction\",\"target\":{\"@type\":\"EntryPoint\",\"urlTemplate\":\"http:\/\/nouvobois-materiaux.toutfaire.fr\/?s={search_term_string}\"},\"query-input\":\"required name=search_term_string\"}],\"inLanguage\":\"fr-FR\"},{\"@type\":\"Organization\",\"@id\":\"http:\/\/nouvobois-materiaux.toutfaire.fr\/#organization\",\"name\":\"NOUVOBOIS MAT\u00c9RIAUX\",\"url\":\"http:\/\/nouvobois-materiaux.toutfaire.fr\/\",\"logo\":{\"@type\":\"ImageObject\",\"inLanguage\":\"fr-FR\",\"@id\":\"http:\/\/nouvobois-materiaux.toutfaire.fr\/#\/schema\/logo\/image\/\",\"url\":\"http:\/\/nouvobois-materiaux.toutfaire.fr\/wp-content\/uploads\/2022\/09\/cropped-LOGO-TFi.png\",\"contentUrl\":\"http:\/\/nouvobois-materiaux.toutfaire.fr\/wp-content\/uploads\/2022\/09\/cropped-LOGO-TFi.png\",\"width\":1200,\"height\":382,\"caption\":\"NOUVOBOIS MAT\u00c9RIAUX\"},\"image\":{\"@id\":\"http:\/\/nouvobois-materiaux.toutfaire.fr\/#\/schema\/logo\/image\/\"}}]}<\/script>\n<!-- \/ Yoast SEO plugin. -->","yoast_head_json":{"title":"Carrelage - NOUVOBOIS MAT\u00c9RIAUX","robots":{"index":"index","follow":"follow","max-snippet":"max-snippet:-1","max-image-preview":"max-image-preview:large","max-video-preview":"max-video-preview:-1"},"canonical":"http:\/\/nouvobois-materiaux.toutfaire.fr\/?page_id=308","og_locale":"fr_FR","og_type":"article","og_title":"Carrelage - NOUVOBOIS MAT\u00c9RIAUX","og_description":"Carrelage Vous trouverez ici une s\u00e9lection de carrelages contemporains, traditionnels et classiques, choisis pour leur qualit\u00e9, leur durabilit\u00e9 et leur esth\u00e9tique. Mais \u00e9galement les consommables et outils pour que votre pose de carrelage ou mosa\u00efque se fasse dans les meilleures conditions. Motifs graphiques, couleurs vives, imitation mat\u00e9riaux, frises \u00e9l\u00e9gantes&#8230; le carrelage s&rsquo;adapte \u00e0 vos go\u00fbts [&hellip;]","og_url":"http:\/\/nouvobois-materiaux.toutfaire.fr\/?page_id=308","og_site_name":"NOUVOBOIS MAT\u00c9RIAUX","article_modified_time":"2017-10-12T18:20:17+00:00","og_image":[{"url":"http:\/\/nouvobois-materiaux.toutfaire.fr\/wp-content\/uploads\/2017\/03\/catalogue-carrelage-212x300.png"}],"twitter_card":"summary_large_image","twitter_misc":{"Dur\u00e9e de lecture estim\u00e9e":"1 minute"},"schema":{"@context":"https:\/\/schema.org","@graph":[{"@type":"WebPage","@id":"http:\/\/nouvobois-materiaux.toutfaire.fr\/?page_id=308","url":"http:\/\/nouvobois-materiaux.toutfaire.fr\/?page_id=308","name":"Carrelage - NOUVOBOIS MAT\u00c9RIAUX","isPartOf":{"@id":"http:\/\/nouvobois-materiaux.toutfaire.fr\/#website"},"primaryImageOfPage":{"@id":"http:\/\/nouvobois-materiaux.toutfaire.fr\/?page_id=308#primaryimage"},"image":{"@id":"http:\/\/nouvobois-materiaux.toutfaire.fr\/?page_id=308#primaryimage"},"thumbnailUrl":"http:\/\/nouvobois-materiaux.toutfaire.fr\/wp-content\/uploads\/2017\/03\/catalogue-carrelage-212x300.png","datePublished":"2017-04-04T12:57:47+00:00","dateModified":"2017-10-12T18:20:17+00:00","breadcrumb":{"@id":"http:\/\/nouvobois-materiaux.toutfaire.fr\/?page_id=308#breadcrumb"},"inLanguage":"fr-FR","potentialAction":[{"@type":"ReadAction","target":["http:\/\/nouvobois-materiaux.toutfaire.fr\/?page_id=308"]}]},{"@type":"ImageObject","inLanguage":"fr-FR","@id":"http:\/\/nouvobois-materiaux.toutfaire.fr\/?page_id=308#primaryimage","url":"http:\/\/nouvobois-materiaux.toutfaire.fr\/wp-content\/uploads\/2017\/03\/catalogue-carrelage.png","contentUrl":"http:\/\/nouvobois-materiaux.toutfaire.fr\/wp-content\/uploads\/2017\/03\/catalogue-carrelage.png","width":605,"height":856,"caption":"Consulter le Catalogue Collection Carrelage"},{"@type":"BreadcrumbList","@id":"http:\/\/nouvobois-materiaux.toutfaire.fr\/?page_id=308#breadcrumb","itemListElement":[{"@type":"ListItem","position":1,"name":"Accueil","item":"http:\/\/nouvobois-materiaux.toutfaire.fr\/"},{"@type":"ListItem","position":2,"name":"Carrelage"}]},{"@type":"WebSite","@id":"http:\/\/nouvobois-materiaux.toutfaire.fr\/#website","url":"http:\/\/nouvobois-materiaux.toutfaire.fr\/","name":"NOUVOBOIS MAT\u00c9RIAUX","description":"Gagnez en savoir-faire","publisher":{"@id":"http:\/\/nouvobois-materiaux.toutfaire.fr\/#organization"},"potentialAction":[{"@type":"SearchAction","target":{"@type":"EntryPoint","urlTemplate":"http:\/\/nouvobois-materiaux.toutfaire.fr\/?s={search_term_string}"},"query-input":"required name=search_term_string"}],"inLanguage":"fr-FR"},{"@type":"Organization","@id":"http:\/\/nouvobois-materiaux.toutfaire.fr\/#organization","name":"NOUVOBOIS MAT\u00c9RIAUX","url":"http:\/\/nouvobois-materiaux.toutfaire.fr\/","logo":{"@type":"ImageObject","inLanguage":"fr-FR","@id":"http:\/\/nouvobois-materiaux.toutfaire.fr\/#\/schema\/logo\/image\/","url":"http:\/\/nouvobois-materiaux.toutfaire.fr\/wp-content\/uploads\/2022\/09\/cropped-LOGO-TFi.png","contentUrl":"http:\/\/nouvobois-materiaux.toutfaire.fr\/wp-content\/uploads\/2022\/09\/cropped-LOGO-TFi.png","width":1200,"height":382,"caption":"NOUVOBOIS MAT\u00c9RIAUX"},"image":{"@id":"http:\/\/nouvobois-materiaux.toutfaire.fr\/#\/schema\/logo\/image\/"}}]}},"_links":{"self":[{"href":"http:\/\/nouvobois-materiaux.toutfaire.fr\/index.php?rest_route=\/wp\/v2\/pages\/308"}],"collection":[{"href":"http:\/\/nouvobois-materiaux.toutfaire.fr\/index.php?rest_route=\/wp\/v2\/pages"}],"about":[{"href":"http:\/\/nouvobois-materiaux.toutfaire.fr\/index.php?rest_route=\/wp\/v2\/types\/page"}],"author":[{"embeddable":true,"href":"http:\/\/nouvobois-materiaux.toutfaire.fr\/index.php?rest_route=\/wp\/v2\/users\/1"}],"replies":[{"embeddable":true,"href":"http:\/\/nouvobois-materiaux.toutfaire.fr\/index.php?rest_route=%2Fwp%2Fv2%2Fcomments&post=308"}],"version-history":[{"count":8,"href":"http:\/\/nouvobois-materiaux.toutfaire.fr\/index.php?rest_route=\/wp\/v2\/pages\/308\/revisions"}],"predecessor-version":[{"id":606,"href":"http:\/\/nouvobois-materiaux.toutfaire.fr\/index.php?rest_route=\/wp\/v2\/pages\/308\/revisions\/606"}],"wp:attachment":[{"href":"http:\/\/nouvobois-materiaux.toutfaire.fr\/index.php?rest_route=%2Fwp%2Fv2%2Fmedia&parent=308"}],"curies":[{"name":"wp","href":"https:\/\/api.w.org\/{rel}","templated":true}]}}