{"id":439,"date":"2017-06-15T16:57:27","date_gmt":"2017-06-15T14:57:27","guid":{"rendered":"http:\/\/nouvobois-materiaux.toutfaire.fr\/?page_id=439"},"modified":"2017-10-03T19:53:57","modified_gmt":"2017-10-03T17:53:57","slug":"historique","status":"publish","type":"page","link":"http:\/\/nouvobois-materiaux.toutfaire.fr\/?page_id=439","title":{"rendered":"Nouvobois"},"content":{"rendered":"<h1>Nouvobois<\/h1>\n<p>Au c\u0153ur du centre ville, dont l&rsquo;activit\u00e9 principale \u00e9tait un atelier de menuiserie datant de 1933, c&rsquo;est en juin 1967 que commen\u00e7a l&rsquo;aventure du n\u00e9goce de mat\u00e9riaux de construction par la cr\u00e9ation de l&rsquo;entreprise NOUVOBOIS.<\/p>\n<p>Menuisier de p\u00e8re en fils depuis 3 g\u00e9n\u00e9rations sans abandonner ce savoir-faire, la branche mat\u00e9riaux de construction gros \u0153uvres a pris une place de plus en plus importante au fil des ans pour aujourd&rsquo;hui offrir une gamme de produits plus large.<\/p>\n<p>Entre temps NOUVOBOIS s&rsquo;est agrandi par l&rsquo;acquisition de b\u00e2timents annexes :<br \/>\n&#8211; Magasin libre service et salle d&rsquo;exposition depuis 1991;<br \/>\n&#8211; D\u00e9p\u00f4t de plus de 3000 m\u00b2 situ\u00e9 en plein centre ville \u00e0 2 minutes de notre magasin.<br \/>\nAinsi nous pouvons r\u00e9pondre rapidement aux professionnels mais aussi aux particuliers d\u00e9sirant construire ou r\u00e9nover.<\/p>\n<p>Enfin c&rsquo;est en 2001 que nous sommes devenus adh\u00e9rant du groupement TOUT FAIRE afin de mieux vous satisfaire.<\/p>\n<p>Aujourd&rsquo;hui Nouvobois vous propose une large gamme de produits accompagn\u00e9e des derni\u00e8res innovations des plus grandes marques \u00e0 des prix tr\u00e8s comp\u00e9titifs, gr\u00e2ce \u00e0 la puissance d&rsquo;achat nationale de la centrale TOUT FAIRE fort de ses 481 points de vente en France et en Belgique (f\u00e9vrier 2011).<\/p>\n","protected":false},"excerpt":{"rendered":"<p>Nouvobois Au c\u0153ur du centre ville, dont l&rsquo;activit\u00e9 principale \u00e9tait un atelier de menuiserie datant de 1933, c&rsquo;est en juin 1967 que commen\u00e7a l&rsquo;aventure du n\u00e9goce de mat\u00e9riaux de construction par la cr\u00e9ation de l&rsquo;entreprise NOUVOBOIS. Menuisier de p\u00e8re en fils depuis 3 g\u00e9n\u00e9rations sans abandonner ce savoir-faire, la branche mat\u00e9riaux de construction gros \u0153uvres [&hellip;]<\/p>\n","protected":false},"author":1,"featured_media":0,"parent":448,"menu_order":0,"comment_status":"closed","ping_status":"closed","template":"","meta":{"footnotes":""},"class_list":["post-439","page","type-page","status-publish","hentry"],"yoast_head":"<!-- This site is optimized with the Yoast SEO plugin v23.3 - https:\/\/yoast.com\/wordpress\/plugins\/seo\/ -->\n<title>Nouvobois - NOUVOBOIS MAT\u00c9RIAUX<\/title>\n<meta name=\"robots\" content=\"index, follow, max-snippet:-1, max-image-preview:large, max-video-preview:-1\" \/>\n<link rel=\"canonical\" href=\"http:\/\/nouvobois-materiaux.toutfaire.fr\/?page_id=439\" \/>\n<meta property=\"og:locale\" content=\"fr_FR\" \/>\n<meta property=\"og:type\" content=\"article\" \/>\n<meta property=\"og:title\" content=\"Nouvobois - NOUVOBOIS MAT\u00c9RIAUX\" \/>\n<meta property=\"og:description\" content=\"Nouvobois Au c\u0153ur du centre ville, dont l&rsquo;activit\u00e9 principale \u00e9tait un atelier de menuiserie datant de 1933, c&rsquo;est en juin 1967 que commen\u00e7a l&rsquo;aventure du n\u00e9goce de mat\u00e9riaux de construction par la cr\u00e9ation de l&rsquo;entreprise NOUVOBOIS. Menuisier de p\u00e8re en fils depuis 3 g\u00e9n\u00e9rations sans abandonner ce savoir-faire, la branche mat\u00e9riaux de construction gros \u0153uvres [&hellip;]\" \/>\n<meta property=\"og:url\" content=\"http:\/\/nouvobois-materiaux.toutfaire.fr\/?page_id=439\" \/>\n<meta property=\"og:site_name\" content=\"NOUVOBOIS MAT\u00c9RIAUX\" \/>\n<meta property=\"article:modified_time\" content=\"2017-10-03T17:53:57+00:00\" \/>\n<meta name=\"twitter:card\" content=\"summary_large_image\" \/>\n<meta name=\"twitter:label1\" content=\"Dur\u00e9e de lecture estim\u00e9e\" \/>\n\t<meta name=\"twitter:data1\" content=\"1 minute\" \/>\n<script type=\"application\/ld+json\" class=\"yoast-schema-graph\">{\"@context\":\"https:\/\/schema.org\",\"@graph\":[{\"@type\":\"WebPage\",\"@id\":\"http:\/\/nouvobois-materiaux.toutfaire.fr\/?page_id=439\",\"url\":\"http:\/\/nouvobois-materiaux.toutfaire.fr\/?page_id=439\",\"name\":\"Nouvobois - NOUVOBOIS MAT\u00c9RIAUX\",\"isPartOf\":{\"@id\":\"http:\/\/nouvobois-materiaux.toutfaire.fr\/#website\"},\"datePublished\":\"2017-06-15T14:57:27+00:00\",\"dateModified\":\"2017-10-03T17:53:57+00:00\",\"breadcrumb\":{\"@id\":\"http:\/\/nouvobois-materiaux.toutfaire.fr\/?page_id=439#breadcrumb\"},\"inLanguage\":\"fr-FR\",\"potentialAction\":[{\"@type\":\"ReadAction\",\"target\":[\"http:\/\/nouvobois-materiaux.toutfaire.fr\/?page_id=439\"]}]},{\"@type\":\"BreadcrumbList\",\"@id\":\"http:\/\/nouvobois-materiaux.toutfaire.fr\/?page_id=439#breadcrumb\",\"itemListElement\":[{\"@type\":\"ListItem\",\"position\":1,\"name\":\"Accueil\",\"item\":\"http:\/\/nouvobois-materiaux.toutfaire.fr\/\"},{\"@type\":\"ListItem\",\"position\":2,\"name\":\"Notre N\u00e9goce\",\"item\":\"http:\/\/nouvobois-materiaux.toutfaire.fr\/?page_id=448\"},{\"@type\":\"ListItem\",\"position\":3,\"name\":\"Nouvobois\"}]},{\"@type\":\"WebSite\",\"@id\":\"http:\/\/nouvobois-materiaux.toutfaire.fr\/#website\",\"url\":\"http:\/\/nouvobois-materiaux.toutfaire.fr\/\",\"name\":\"NOUVOBOIS MAT\u00c9RIAUX\",\"description\":\"Gagnez en savoir-faire\",\"publisher\":{\"@id\":\"http:\/\/nouvobois-materiaux.toutfaire.fr\/#organization\"},\"potentialAction\":[{\"@type\":\"SearchAction\",\"target\":{\"@type\":\"EntryPoint\",\"urlTemplate\":\"http:\/\/nouvobois-materiaux.toutfaire.fr\/?s={search_term_string}\"},\"query-input\":\"required name=search_term_string\"}],\"inLanguage\":\"fr-FR\"},{\"@type\":\"Organization\",\"@id\":\"http:\/\/nouvobois-materiaux.toutfaire.fr\/#organization\",\"name\":\"NOUVOBOIS MAT\u00c9RIAUX\",\"url\":\"http:\/\/nouvobois-materiaux.toutfaire.fr\/\",\"logo\":{\"@type\":\"ImageObject\",\"inLanguage\":\"fr-FR\",\"@id\":\"http:\/\/nouvobois-materiaux.toutfaire.fr\/#\/schema\/logo\/image\/\",\"url\":\"http:\/\/nouvobois-materiaux.toutfaire.fr\/wp-content\/uploads\/2022\/09\/cropped-LOGO-TFi.png\",\"contentUrl\":\"http:\/\/nouvobois-materiaux.toutfaire.fr\/wp-content\/uploads\/2022\/09\/cropped-LOGO-TFi.png\",\"width\":1200,\"height\":382,\"caption\":\"NOUVOBOIS MAT\u00c9RIAUX\"},\"image\":{\"@id\":\"http:\/\/nouvobois-materiaux.toutfaire.fr\/#\/schema\/logo\/image\/\"}}]}<\/script>\n<!-- \/ Yoast SEO plugin. -->","yoast_head_json":{"title":"Nouvobois - NOUVOBOIS MAT\u00c9RIAUX","robots":{"index":"index","follow":"follow","max-snippet":"max-snippet:-1","max-image-preview":"max-image-preview:large","max-video-preview":"max-video-preview:-1"},"canonical":"http:\/\/nouvobois-materiaux.toutfaire.fr\/?page_id=439","og_locale":"fr_FR","og_type":"article","og_title":"Nouvobois - NOUVOBOIS MAT\u00c9RIAUX","og_description":"Nouvobois Au c\u0153ur du centre ville, dont l&rsquo;activit\u00e9 principale \u00e9tait un atelier de menuiserie datant de 1933, c&rsquo;est en juin 1967 que commen\u00e7a l&rsquo;aventure du n\u00e9goce de mat\u00e9riaux de construction par la cr\u00e9ation de l&rsquo;entreprise NOUVOBOIS. Menuisier de p\u00e8re en fils depuis 3 g\u00e9n\u00e9rations sans abandonner ce savoir-faire, la branche mat\u00e9riaux de construction gros \u0153uvres [&hellip;]","og_url":"http:\/\/nouvobois-materiaux.toutfaire.fr\/?page_id=439","og_site_name":"NOUVOBOIS MAT\u00c9RIAUX","article_modified_time":"2017-10-03T17:53:57+00:00","twitter_card":"summary_large_image","twitter_misc":{"Dur\u00e9e de lecture estim\u00e9e":"1 minute"},"schema":{"@context":"https:\/\/schema.org","@graph":[{"@type":"WebPage","@id":"http:\/\/nouvobois-materiaux.toutfaire.fr\/?page_id=439","url":"http:\/\/nouvobois-materiaux.toutfaire.fr\/?page_id=439","name":"Nouvobois - NOUVOBOIS MAT\u00c9RIAUX","isPartOf":{"@id":"http:\/\/nouvobois-materiaux.toutfaire.fr\/#website"},"datePublished":"2017-06-15T14:57:27+00:00","dateModified":"2017-10-03T17:53:57+00:00","breadcrumb":{"@id":"http:\/\/nouvobois-materiaux.toutfaire.fr\/?page_id=439#breadcrumb"},"inLanguage":"fr-FR","potentialAction":[{"@type":"ReadAction","target":["http:\/\/nouvobois-materiaux.toutfaire.fr\/?page_id=439"]}]},{"@type":"BreadcrumbList","@id":"http:\/\/nouvobois-materiaux.toutfaire.fr\/?page_id=439#breadcrumb","itemListElement":[{"@type":"ListItem","position":1,"name":"Accueil","item":"http:\/\/nouvobois-materiaux.toutfaire.fr\/"},{"@type":"ListItem","position":2,"name":"Notre N\u00e9goce","item":"http:\/\/nouvobois-materiaux.toutfaire.fr\/?page_id=448"},{"@type":"ListItem","position":3,"name":"Nouvobois"}]},{"@type":"WebSite","@id":"http:\/\/nouvobois-materiaux.toutfaire.fr\/#website","url":"http:\/\/nouvobois-materiaux.toutfaire.fr\/","name":"NOUVOBOIS MAT\u00c9RIAUX","description":"Gagnez en savoir-faire","publisher":{"@id":"http:\/\/nouvobois-materiaux.toutfaire.fr\/#organization"},"potentialAction":[{"@type":"SearchAction","target":{"@type":"EntryPoint","urlTemplate":"http:\/\/nouvobois-materiaux.toutfaire.fr\/?s={search_term_string}"},"query-input":"required name=search_term_string"}],"inLanguage":"fr-FR"},{"@type":"Organization","@id":"http:\/\/nouvobois-materiaux.toutfaire.fr\/#organization","name":"NOUVOBOIS MAT\u00c9RIAUX","url":"http:\/\/nouvobois-materiaux.toutfaire.fr\/","logo":{"@type":"ImageObject","inLanguage":"fr-FR","@id":"http:\/\/nouvobois-materiaux.toutfaire.fr\/#\/schema\/logo\/image\/","url":"http:\/\/nouvobois-materiaux.toutfaire.fr\/wp-content\/uploads\/2022\/09\/cropped-LOGO-TFi.png","contentUrl":"http:\/\/nouvobois-materiaux.toutfaire.fr\/wp-content\/uploads\/2022\/09\/cropped-LOGO-TFi.png","width":1200,"height":382,"caption":"NOUVOBOIS MAT\u00c9RIAUX"},"image":{"@id":"http:\/\/nouvobois-materiaux.toutfaire.fr\/#\/schema\/logo\/image\/"}}]}},"_links":{"self":[{"href":"http:\/\/nouvobois-materiaux.toutfaire.fr\/index.php?rest_route=\/wp\/v2\/pages\/439"}],"collection":[{"href":"http:\/\/nouvobois-materiaux.toutfaire.fr\/index.php?rest_route=\/wp\/v2\/pages"}],"about":[{"href":"http:\/\/nouvobois-materiaux.toutfaire.fr\/index.php?rest_route=\/wp\/v2\/types\/page"}],"author":[{"embeddable":true,"href":"http:\/\/nouvobois-materiaux.toutfaire.fr\/index.php?rest_route=\/wp\/v2\/users\/1"}],"replies":[{"embeddable":true,"href":"http:\/\/nouvobois-materiaux.toutfaire.fr\/index.php?rest_route=%2Fwp%2Fv2%2Fcomments&post=439"}],"version-history":[{"count":5,"href":"http:\/\/nouvobois-materiaux.toutfaire.fr\/index.php?rest_route=\/wp\/v2\/pages\/439\/revisions"}],"predecessor-version":[{"id":508,"href":"http:\/\/nouvobois-materiaux.toutfaire.fr\/index.php?rest_route=\/wp\/v2\/pages\/439\/revisions\/508"}],"up":[{"embeddable":true,"href":"http:\/\/nouvobois-materiaux.toutfaire.fr\/index.php?rest_route=\/wp\/v2\/pages\/448"}],"wp:attachment":[{"href":"http:\/\/nouvobois-materiaux.toutfaire.fr\/index.php?rest_route=%2Fwp%2Fv2%2Fmedia&parent=439"}],"curies":[{"name":"wp","href":"https:\/\/api.w.org\/{rel}","templated":true}]}}